-a - 12b28?
-12b33
In base 16, what is 5 + -119d7?
-119d2
In base 5, what is 4140 + -212?
3423
In base 2, what is -1010110001001 + 1100011010?
-1001001101111
In base 11, what is 2399 + -18?
2381
In base 12, what is 222389 + -3?
222386
In base 3, what is -110100 + 1210100?
1100000
In base 11, what is 5 - -21342?
21347
In base 10, what is 318 - 3?
315
In base 12, what is 881 - -3b2?
1073
In base 16, what is -8931 + -1?
-8932
In base 9, what is 2433212 + 4?
2433216
In base 13, what is 3b - -8?
46
In base 8, what is -4405 - 25?
-4432
In base 14, what is -1b94 + c?
-1b86
In base 11, what is -429 + -6?
-434
In base 15, what is -5d265 - 4?
-5d269
In base 14, what is 3 + -14c07?
-14c04
In base 9, what is 158522 + 21?
158543
In base 16, what is -4252f - 4?
-42533
In base 11, what is 2 + 670223?
670225
In base 12, what is -37 - 1a38a?
-1a405
In base 14, what is 23d3 + 10?
2403
In base 13, what is 18a0a - 2?
18a08
In base 4, what is -3123133 - 2202?
-3132001
In base 14, what is c983 + b?
c990
In base 3, what is -102122102 - 2?
-102122111
In base 11, what is 25 + -3182?
-3158
In base 12, what is 14086 - -5?
1408b
In base 16, what is 6792 + 19?
67ab
In base 10, what is 6121 - 4?
6117
In base 8, what is 4 - -2474216?
2474222
In base 13, what is -130 - -14?
-119
In base 10, what is -14 + -124255?
-124269
In base 10, what is -21004 - 70?
-21074
In base 4, what is 10 + -102010200?
-102010130
In base 11, what is -a3138 - -1?
-a3137
In base 14, what is -4d3 - -44b?
-86
In base 9, what is -307 + 2333?
2025
In base 10, what is 693 + 74?
767
In base 3, what is 2 + 2021010011?
2021010020
In base 4, what is -1102 - 10331?
-12033
In base 12, what is 84095 + -2?
84093
In base 6, what is -1333 - -5132?
3355
In base 7, what is 3 - 20550?
-20544
In base 7, what is 5 - 330402?
-330364
In base 9, what is 1756 - -38?
1805
In base 14, what is -3462 + -17?
-3479
In base 9, what is -2 + 22752?
22750
In base 6, what is -5 + 24313?
24304
In base 3, what is -2 - -122112021?
122112012
In base 9, what is -5 + 42?
36
In base 11, what is 1212a + -4?
12126
In base 15, what is -8 + -1b315?
-1b31d
In base 9, what is 36501 - -37?
36538
In base 13, what is -6346 - 24?
-636a
In base 7, what is -1 - -262346?
262345
In base 8, what is 1 + 210043?
210044
In base 9, what is -75543 - 2?
-75545
In base 14, what is 59b1 + 2?
59b3
In base 3, what is -1110220121 + -11?
-1110220202
In base 7, what is -33 - -4335?
4302
In base 2, what is -1000010100100010 - 100?
-1000010100100110
In base 16, what is 213e + -5?
2139
In base 13, what is -979 - 80?
-a29
In base 10, what is -2 + -3500?
-3502
In base 15, what is -97300 - -5?
-972ea
In base 6, what is 14514 + 1245?
20203
In base 9, what is -105 + 188?
83
In base 7, what is -1341263 - 3?
-1341266
In base 15, what is 462 - -29?
48b
In base 4, what is -32103 - 2?
-32111
In base 4, what is -21300221301 + 2?
-21300221233
In base 8, what is -246 - -44774?
44526
In base 7, what is 425 - 206?
216
In base 9, what is 34 + -11523?
-11478
In base 13, what is 53 - 15b?
-108
In base 6, what is -14540 - 11?
-14551
In base 7, what is -2346 + -22?
-2401
In base 15, what is -14d283 - -2?
-14d281
In base 2, what is 100 - 11110000010000011?
-11110000001111111
In base 6, what is 1 + 351414?
351415
In base 13, what is -21 + -a91?
-ab2
In base 10, what is -323 - -4?
-319
In base 9, what is -84 - -421?
326
In base 15, what is 654296 - -4?
65429a
In base 5, what is 20244 - 124?
20120
In base 16, what is -bf93 + -3?
-bf96
In base 10, what is 100 - -737?
837
In base 5, what is -10 + -104311?
-104321
In base 11, what is -21277 + -5?
-21281
In base 10, what is 0 - -383099?
383099
In base 9, what is -24 + 2570?
2545
In base 14, what is 4ab - -8d1?
d9c
In base 9, what is 3041114 - 4?
3041110
In base 11, what is -897 - -458?
-43a
In base 16, what is -215b + 1b?
-2140
In base 10, what is -17 - 88557?
-88574
In base 4, what is -3 - 222101?
-222110
In base 2, what is 101 + -1001100011100111011?
-1001100011100110110
In base 15, what is 1 - 165de?
-165dd
In base 2, what is 10011010000000 + 11110?
10011010011110
In base 6, what is -4 + -242415?
-242423
In base 2, what is 10010001 - 11001011?
-111010
In base 3, what is 0 + -102001200?
-102001200
In base 10, what is -4 - 23733?
-23737
In base 7, what is 2534 - -3660?
6524
In base 10, what is -5 - -20594?
20589
In base 9, what is -2 + 815258?
815256
In base 16, what is 16 - -25d?
273
In base 16, what is -2020 - -171?
-1eaf
In base 5, what is -200030412 + 0?
-200030412
In base 12, what is 15782 - 11?
15771
In base 12, what is -1653a + 1b?
-1651b
In base 5, what is 12432133 + -1?
12432132
In base 15, what is -5 - 4516?
-451b
In base 2, what is 1 - -10011100111101?
10011100111110
In base 10, what is -4 + 15417?
15413
In base 4, what is -2133122300 + -11?
-2133122311
In base 7, what is 3 + -31632?
-31626
In base 10, what is -51 - 454?
-505
In base 7, what is -10 - 501633?
-501643
In base 6, what is 125021 + -35?
124542
In base 11, what is -5532 - -5?
-5528
In base 9, what is -11 - 20628?
-20640
In base 3, what is 21122 + 10001020?
10022212
In base 12, what is 2 - -12178?
1217a
In base 6, what is -142 - -144?
2
In base 7, what is 164 - -1301?
1465
In base 9, what is 6250 - -1?
6251
In base 12, what is 35225 + 1?
35226
In base 14, what is 107a6c - 2?
107a6a
In base 7, what is 155062 + -4?
155055
In base 15, what is -3 + -3342?
-3345
In base 5, what is 411 - 203100?
-202134
In base 3, what is -1010212222 + -101122?
-1011021121
In base 3, what is -102 + -22122202222?
-22122210101
In base 5, what is -2204 - 130?
-2334
In base 14, what is 196135d + 2?
1961361
In base 11, what is 227165 + 4?
227169
In base 12, what is -5a86aa - 2?
-5a86b0
In base 9, what is -1045 + -28?
-1074
In base 7, what is 46 + -21624?
-21545
In base 11, what is 3 - -1619?
1621
In base 15, what is -63b + 4b?
-5e0
In base 12, what is -2 + a165?
a163
In base 7, what is 1361066 + -3?
1361063
In base 4, what is -11 + 2111030123?
2111030112
In base 13, what is -23a64 - 4?
-23a68
In base 16, what is -b1 - ab7?
-b68
In base 7, what is -1451532 + 16?
-1451513
In base 16, what is -8de6 + -6?
-8dec
In base 16, what is 941 - -37?
978
In base 14, what is -4024 - 0?
-4024
In base 11, what is -52 - -1504?
1462
In base 4, what is -10 - 231123?
-231133
In base 2, what is -1000 + -11100111010000?
-11100111011000
In base 5, what is 113 - -22013?
22131
In base 16, what is -35 - -55b?
526
In base 5, what is 1 - -44014214?
44014220
In base 6, what is 513322 + 5?
513331
In base 7, what is -11036 - -13?
-11023
In base 6, what is 524211343 - 1?
524211342
In base 13, what is -4 - 130a?
-1311
In base 11, what is -6921 + 15?
-6907
In base 10, what is 5 - -18524?
18529
In base 10, what is -20 - 2900?
-2920
In base 14, what is -487d + 59?
-4824
In base 4, what is 12 + -3332210?
-3332132
In base 11, what is -2 + 94a4?
94a2
In base 15, what is -31abd + -4?
-31ac2
In base 3, what is 2 - 20201102112?
-20201102110
In base 13, what is -4 - -2a80a9?
2a80a5
In base 6, what is -21 + 55303?
55242
In base 14, what is -60c - -d27?
719
In base 14, what is 4 + 15131?
15135
In base 13, what is -b + 11ca?
11bc
In base 3, what is -121122 + -1102?
-200001
In base 15, what is -1 - -13cc1?
13cc0
In base 15, what is -9 + 2ded?
2de4
In base 11, what is -244159 + -1?
-24415a
In base 16, what is -cce70 - 2?
-cce72
In base 7, what is -150664 - 6?
-151003
In base 10, what is 63261 - -18?
63279
In base 2, what is 101010101 + 10000101100?
10110000001
In base 5, what is 4130412 - -2?
4130414
In base 7, what is -16515 - -22?
-16463
In base 9, what is -5061 + 6?
-5054
In base 5, what is -13134 - -223?
-12411
In base 6, what is -1043053 + 2?
-1043051
In base 4, what is 13220200 - 10?
13220130
In base 13, what is 0 + -bc23?
-bc23
In base 10, what is 24921 - 9?
24912
In base 5, what is 2 + 2000430?
2000432
In base 6, what is -3552 + -14?
-4010
In base 6, what is 5502 + -122?
5340
In base 3, what is 10200200010 + 1?
10200200011
In base 2, what is -11001111001000 - 100?
-11001111001100
In base 5, what is -34 - -4341?
4302
In base 11, what is -136449 + -3?
-136451
In base 16, what is -1b41a + -3?
-1b41d
In base 5, what is 22204224 + -1?
22204223
In base 15, what is -14dc9a - 2?
-14dc9c
In base 6, what is 1234 - -5153?
10431
In base 12, what is 1 